{"id":817,"date":"2024-08-09T12:38:33","date_gmt":"2024-08-09T12:38:33","guid":{"rendered":"https:\/\/logosens.biz\/?page_id=817"},"modified":"2024-08-14T13:59:38","modified_gmt":"2024-08-14T13:59:38","slug":"gabinet-aba-terapii","status":"publish","type":"page","link":"https:\/\/logosens.biz\/?page_id=817","title":{"rendered":"Gabinet ABA-terapii"},"content":{"rendered":"\n<p><strong>Applied Behavior Analysis (ABA) to<\/strong> popularna, cho\u0107 kontrowersyjna, forma terapii<br>stosowana g\u0142\u00f3wnie u dzieci z autyzmem. Polega na analizie i modyfikacji zachowa\u0144<br>dziecka za pomoc\u0105 bod\u017ac\u00f3w pozytywnych i negatywnych.<\/p>\n\n\n\n<h3 class=\"wp-block-heading\">Na czym polega ABA?<\/h3>\n\n\n\n<p>ABA koncentruje si\u0119 na analizie zachowa\u0144, a nast\u0119pnie ich modyfikacji przy u\u017cyciu<br>wzmocnie\u0144 pozytywnych (nagrody, takie jak pochwa\u0142y czy ulubione zabawki) ora<br>wzmocnie\u0144 negatywnych (usuni\u0119cie nieprzyjemnych element\u00f3w, jak dodatkowy czas<br>nauki). Celem jest zwi\u0119kszenie po\u017c\u0105danych zachowa\u0144 i eliminacja tych<br>niepo\u017c\u0105danych.<br><strong>Terapia behawioralna<\/strong> jest kompleksowym podej\u015bciem, kt\u00f3re obejmuje wszystkie<br>aspekty rozwoju dziecka. W ramach terapii uwzgl\u0119dniane s\u0105 nast\u0119puj\u0105ce obszary:<\/p>\n\n\n\n<div class=\"wp-block-group is-nowrap is-layout-flex wp-container-core-group-is-layout-ad2f72ca wp-block-group-is-layout-flex\">\n<ul class=\"wp-block-list\">\n<li>Wczesne rozumienie mowy<\/li>\n\n\n\n<li>Trening imitacji<\/li>\n\n\n\n<li>Dopasowywanie i sortowanie<\/li>\n\n\n\n<li>Imitacja werbalna<\/li>\n\n\n\n<li>Mowa czynna<\/li>\n\n\n\n<li>Poj\u0119cia abstrakcyjne<\/li>\n\n\n\n<li>Umiej\u0119tno\u015bci szkolne<\/li>\n\n\n\n<li>Rozw\u00f3j spo\u0142eczny<\/li>\n<\/ul>\n\n\n\n<figure class=\"wp-block-image size-full is-resized\"><img loading=\"lazy\" decoding=\"async\" width=\"800\" height=\"886\" src=\"https:\/\/logosens.biz\/wp-content\/uploads\/2024\/08\/LogoSens-print-in-size-02.png\" alt=\"\" class=\"wp-image-860\" style=\"width:263px;height:auto\" srcset=\"https:\/\/logosens.biz\/wp-content\/uploads\/2024\/08\/LogoSens-print-in-size-02.png 800w, https:\/\/logosens.biz\/wp-content\/uploads\/2024\/08\/LogoSens-print-in-size-02-271x300.png 271w, https:\/\/logosens.biz\/wp-content\/uploads\/2024\/08\/LogoSens-print-in-size-02-768x851.png 768w\" sizes=\"auto, (max-width: 800px) 100vw, 800px\" \/><\/figure>\n<\/div>\n\n\n\n<h3 class=\"wp-block-heading\">Jak wygl\u0105da terapia ABA?<\/h3>\n\n\n\n<ol class=\"wp-block-list\">\n<li><strong>Dyskretne szkolenie pr\u00f3bne:<\/strong> Terapeuta daje podpowiedzi, oczekuje<br>po\u017c\u0105danego zachowania i nagradza je. Proces ten powtarza si\u0119, a\u017c dziecko<br>nauczy si\u0119 zachowania autonomicznie.<\/li>\n\n\n\n<li><strong>Modelowanie:<\/strong> Terapeuta demonstruje po\u017c\u0105dane zachowanie, na przyk\u0142ad, jak<br>nale\u017cy u\u015bcisn\u0105\u0107 d\u0142o\u0144 lub podzi\u0119kowa\u0107.<\/li>\n\n\n\n<li><strong>Systemy wzmacniaj\u0105ce:<\/strong> Dzieci s\u0105 motywowane do okre\u015blonych zachowa\u0144<br>poprzez nagrody za poprawne dzia\u0142anie i konsekwencje za b\u0142\u0119dy.<\/li>\n<\/ol>\n\n\n\n<p>Ostatecznym celem ABA jest rozwijanie umiej\u0119tno\u015bci spo\u0142ecznych, komunikacyjnych<br>i codziennych, kt\u00f3re s\u0105 istotne dla funkcjonowania dziecka.<\/p>\n","protected":false},"excerpt":{"rendered":"<p>Applied Behavior Analysis (ABA) to popularna, cho\u0107 kontrowersyjna, forma terapiistosowana g\u0142\u00f3wnie u dzieci z autyzmem. Polega na analizie i modyfikacji zachowa\u0144dziecka za pomoc\u0105 bod\u017ac\u00f3w pozytywnych i negatywnych. Na czym polega ABA? ABA koncentruje si\u0119 na analizie zachowa\u0144, a nast\u0119pnie ich modyfikacji przy u\u017cyciuwzmocnie\u0144 pozytywnych (nagrody, takie jak pochwa\u0142y czy ulubione zabawki) orawzmocnie\u0144 negatywnych (usuni\u0119cie nieprzyjemnych [&hellip;]<\/p>\n","protected":false},"author":1,"featured_media":0,"parent":0,"menu_order":0,"comment_status":"closed","ping_status":"closed","template":"","meta":{"inline_featured_image":false,"ngg_post_thumbnail":0,"_glsr_average":0,"_glsr_ranking":0,"_glsr_reviews":0,"footnotes":""},"class_list":["post-817","page","type-page","status-publish","hentry"],"_links":{"self":[{"href":"https:\/\/logosens.biz\/index.php?rest_route=\/wp\/v2\/pages\/817","targetHints":{"allow":["GET"]}}],"collection":[{"href":"https:\/\/logosens.biz\/index.php?rest_route=\/wp\/v2\/pages"}],"about":[{"href":"https:\/\/logosens.biz\/index.php?rest_route=\/wp\/v2\/types\/page"}],"author":[{"embeddable":true,"href":"https:\/\/logosens.biz\/index.php?rest_route=\/wp\/v2\/users\/1"}],"replies":[{"embeddable":true,"href":"https:\/\/logosens.biz\/index.php?rest_route=%2Fwp%2Fv2%2Fcomments&post=817"}],"version-history":[{"count":4,"href":"https:\/\/logosens.biz\/index.php?rest_route=\/wp\/v2\/pages\/817\/revisions"}],"predecessor-version":[{"id":916,"href":"https:\/\/logosens.biz\/index.php?rest_route=\/wp\/v2\/pages\/817\/revisions\/916"}],"wp:attachment":[{"href":"https:\/\/logosens.biz\/index.php?rest_route=%2Fwp%2Fv2%2Fmedia&parent=817"}],"curies":[{"name":"wp","href":"https:\/\/api.w.org\/{rel}","templated":true}]}}